) - 3*y(j). Suppose -l - 2 + 1 = 0. Give m(l).
10
Let h(v) be the first derivative of v**3/3 - 10*v + 12. Let l be h(5). Let d be (-6)/15 - 69/l. Let c(u) = -4*u + 1. Give c(d).
21
Let z(x) be the third derivative of x**5/60 - x**4/24 + x**3/6 + x**2. Suppose -5*u - 27 = 3*o, 0 = -5*o - 4*u - 24 - 8. Give z(o).
21
Suppose 38 = 2*w + 36. Let l(s) = -26*s**2 + 25*s**2 - 10*s**2. Give l(w).
-11
Let o(u) = 4*u - u**3 + 0*u + 26*u**2 - 48*u**2 + 18*u**2. Give o(-5).
5
Suppose -4*a - 16 = -2*l, 0*l + 4*a = 3*l - 28. Let q(w) = -w**3 + 13*w**2 - 11*w. Determine q(l).
12
Suppose b + 0*b = 3. Suppose 0 = -4*c - c + 5, -2 = -b*t + c. Let n(z) = 6*z**2 + 20*z - 20*z + 1. What is n(t)?
7
Let j be 14/4 - 5 - (-10)/4. Let q(o) = -7*o**3 - o**2 - o - 3. Let l(i) = 15*i**3 + 2*i**2 + 3*i + 7. Let t(g) = 2*l(g) + 5*q(g). Give t(j).
-6
Let w(n) = 43*n**3 + n**2. Let z be w(1). Let y(a) = 22*a - z*a + 18*a. What is y(2)?
-8
Let v = 164 - 158. Suppose 2*g - 8 = t + v, 3*t + 12 = 0. Let k(d) = -d**2 + 5*d + 1. What is k(g)?
1
Suppose -5*t + 0*t = 0. Suppose u + 8 = -3*d, -u - d - d - 4 = t. Let n(v) be the second derivative of v**4/12 - 2*v**3/3 + 5*v**2/2 + 7*v. Give n(u).
5
Let c(b) = -b**3 - 1. Let q = -2139 + 2136. Give c(q).
26
Let y be -1 - -2 - (3 + -3). Let s(x) be the first derivative of -4*x**2 - x - 5. What is s(y)?
-9
Let x(j) = j**2 - 8*j - 5. Let d(r) = 4*r - r**2 - 4*r**3 + 0 - 3*r**2 + 3*r**3 + 2. Let y be d(-5). What is x(y)?
-12
Let j(z) = -z**2 + 9*z + 1. Let b be j(9). Let h be ((-3)/4)/(b/8). Let l(p) = 5*p**2 - p - 51 + p**3 - 4*p + 52. Determine l(h).
-5
Let x(g) = 2*g**3 + 9*g**2 + 73*g**2 - 4 - 43*g**2 - 42*g**2 + 5*g. Determine x(2).
10
Let g(i) = -i**2 - 13*i + 1. Let t(f) = 3*f**2 + 37*f - 3. Let y(n) = -8*g(n) - 3*t(n). Determine y(-7).
1
Let p(u) be the first derivative of 4*u**2 - 3. Suppose -15 = 5*a + 2*b, -a - 16 = 3*b - 0. Give p(a).
-8
Let l(c) = 4*c + 1. Let f(g) = g + 1. Let p(m) = -5*f(m) + l(m). Let u be p(-6). Let k be (u/(-3))/(6/27). Let z(i) = i**3 + 4*i**2 + 3*i - 4. What is z(k)?
-4
Let h(b) be the second derivative of b**5/20 + 5*b**4/12 + b**3/6 + b**2 - 44*b. Suppose -3*y + o - 7 = 0, y + y = 4*o + 12. Calculate h(y).
14
Let v(h) = h**3 - h. Suppose -2*u - 11 = -3*u. Let i = 15 - u. Suppose -2 = -i*q + 6. Give v(q).
6
Let b(f) = 5*f**2 + f. Let l(k) = 6*k**2 + 12*k + 4. Let w(y) = -7*y**2 - 12*y - 5. Let m(g) = -6*l(g) - 5*w(g). Let j be m(-12). Determine b(j).
6
Let v(h) = 0*h**3 - 2*h + 6*h**3 - 8*h**3 - 6 + 3*h**3 + 5*h**2. Give v(-5).
4
Let h(m) be the second derivative of 5*m + 0 - 1/6*m**3 + 1/2*m**2. What is h(-5)?
6
Let m be 105/14 + (-21)/(-6) + -3. Let d(c) = -c**3 + 9*c**2 - 3*c - 10. Determine d(m).
30
Let g(t) = 32*t + 3. Let m(k) = -18*k - 3. Let s(w) = 4*g(w) + 7*m(w). Give s(4).
-1
Let p(b) be the second derivative of b**4/4 + b**3/3 - b**2 + 46*b. Let d be 12/(-5) - (-6)/15. Let m be p(d). Let r(q) = -q + 8. What is r(m)?
2
Let u(f) = f**2 - 7. Let q(j) = -j + 15. Let h be q(12). What is u(h)?
2
Let w(l) = l**3 + l. Let n(x) = 4*x**3 - 4*x**2 + 6*x - 3. Let t(h) = n(h) - 3*w(h). Let a(y) = y**2 - y. Let b(j) = -2*a(j) + t(j). Calculate b(4).
-15
Suppose -3 = -m - 1. Let a(x) = -6*x + 8*x - 1 + 2 + 2*x**2 - x**m. What is a(-4)?
9
Let q(o) = -o**2 - 2*o + 118. Let a be q(-12). Let y(n) = n**3 + 5*n**2 + 5*n + 1. Give y(a).
3
Let u(b) = 2*b + 3. Let f(k) = -18*k + 31 + 11*k + 9*k. Let a be f(-18). Calculate u(a).
-7
Let u(z) = -z**2 + 2*z + 1. Let s(t) = 2*t**3 + 7*t**2 - 15*t - 4. Let g(y) = s(y) + 6*u(y). What is g(1)?
2
Let m(j) = 12*j - 5. Let h(f) = 14*f - 6. Let v(k) = 5*h(k) - 6*m(k). Give v(0).
0
Let r(y) be the second derivative of -y**4/12 - y**3 - 3*y**2 - y. Suppose 8*a = 68 + 84. Suppose 0 = -7*k - 9 - a. Give r(k).
2
Let m be 3*(2 - (2 + -1)). Suppose -5 = -2*h + 3*y, 0*h + m*h + y = 13. Let c(i) = -5*i - 2*i**3 + 3*i**3 + i - 3*i**2. Calculate c(h).
0
Let u(q) = -2*q + 7. Suppose -39*y + 37*y + 6 = 0. Determine u(y).
1
Let m(f) = 2*f + 34 - 36 - f**2 + 0*f. Calculate m(5).
-17
Let s(x) = 9 - 5*x + 8*x - 5*x. Let q be s(8). Let m(g) = g**2 + 5*g - 7. Determine m(q).
7
Let v(c) = -6*c - 5*c**2 + c**3 + 0*c**2 + 0*c**2 + 3*c**2 + 5. Suppose 7*p = 2*p + 20. Determine v(p).
13
Let o be (-4)/6*6/4. Let l(n) = -3750 - 3*n**2 + 1872 + 1878. Determine l(o).
-3
Let l(i) = -1943*i + 2 + 0 + 1942*i. Let p(a) = -a + 8. Let m be p(6). Give l(m).
0
Suppose 4*h = a - 6, 4*a = h + 3*a + 3. Let y(c) = c + 7. Let q(b) be the first derivative of b**2/2 + 4*b - 73. Let r(g) = -5*q(g) + 3*y(g). Give r(h).
3
Let f(o) = 7*o + 101. Let h be f(-14). Let r(l) be the first derivative of -6 + 4*l - l**h - 1/4*l**4 + 2*l**2. What is r(-4)?
4
Let z(o) = -7*o**2 + 25*o + 12. Let l(m) = -4*m**2 + 13*m + 5. Let j(k) = 5*l(k) - 3*z(k). What is j(9)?
-20
Let m be (4 - -1)/((-5)/(-2)). Let y(p) = 3 - p + 2 - 4 - p**2 + m. Let d be (-8)/20 + 13/(-5). Calculate y(d).
-3
Let u(b) be the third derivative of 5*b**4/24 + 13*b**3/6 + 2*b**2. Let h(a) = a + 1. Let w(v) = 6*h(v) - u(v). Give w(5).
-2
Let g(a) = a + 25. Let p = 172 + -172. What is g(p)?
25
Let d(s) be the second derivative of -10*s + 9/2*s**2 + 1/2*s**4 + 7/6*s**3 - 1/20*s**5 + 0. What is d(7)?
9
Let x(o) = 3*o - 7. Let i(a) = 7*a - 13. Let j(c) = 2*i(c) - 5*x(c). What is j(9)?
0
Let t(m) be the first derivative of -3*m**2/2 + m + 1. Suppose 2*x + k + 2*k = -31, -5*x + 2*k = 30. Let s = -6 - x. What is t(s)?
-5
Let y = -69 - -72. Let v(b) = -5 + 5*b - 3*b - 2 + y. Give v(3).
2
Let a be 0 - (2 + -3) - 1. Let m be (a - (-1 + 0))*-7. Let f(d) be the second derivative of d**4/12 + 3*d**3/2 + 5*d**2 - 55*d. Determine f(m).
-4
Let a(g) = -g**2 - 2 - g**3 + 4 + 8. Suppose -8*r = -5*r - 15. Suppose r*q = 3*q. Calculate a(q).
10
Let l(b) = 7*b**2 + 9 + b**3 + 4*b - 2*b - b + 0*b. Let j(g) = 10*g + 53. Let r be j(-6). Determine l(r).
2
Let f(i) = -i**3 + 4*i**2 + i - 4. Let y(s) = s**3 + 25*s**2 + 23*s - 21. Let q be y(-24). What is f(q)?
8
Let g(o) = -7*o + 2. Let v = 290 - 285. Calculate g(v).
-33
Let z be 3/(-5) - (-468)/30. Suppose 0 = -3*r, 2*r = -5*h - r + z. Let l(f) = f**2 - f - 4. Give l(h).
2
Let c(a) = -a + 1. Let y be (((-3)/(-2))/(-3))/(297/7722). Give c(y).
14
Let w be 4/(-6) - 2/(-3). Suppose -4*s = 3*f + f - 8, -17 = -s + 2*f. Let a(b) = s + b - 4 - 4. Give a(w).
-1
Let j = 0 + 10. Let o = 12 - j. Let c = o - 8. Let s(l) = l**3 + 6*l**2 + 2*l + 6. Calculate s(c).
-6
Let o(n) be the first derivative of 3*n**2/2 - 2*n - 4. Let p = -25 + 23. Let u be p/(-8) + 126/(-24). Calculate o(u).
-17
Suppose 0 = n - 65 + 56. Suppose 3*x = -3 + n. Let i(y) = x*y + 4*y**2 - 6 + 4 + 3 - 5*y**2. Calculate i(-2).
-7
Let m(q) = 2*q + 11. Let d(j) = -1. Let o be 1/3 - 57/9. Let c(s) = o*d(s) - m(s). Let x be 18*4/24*4/(-2). What is c(x)?
7
Suppose -5*s - 2*d + 44 = 0, -s - 2*d = -4*d - 16. Let h(v) = -5*v + s*v - 2*v - 2. Calculate h(3).
7
Let y(c) = -c - 9. Let k = -18 + 23. Suppose 4*n - 45 = k*j, -17 - 13 = -n + 5*j. Suppose -5*m = -4*q - 23, 3*m = -n*q + m - 37. Calculate y(q).
-2
Let q(s) = 4*s + 62. Let f be q(-16). Let y(z) = 84*z + 6 - 5*z**2 - 4 - 83*z. Give y(f).
-20
Let p(m) = -m**2 - m - 1. Let h be (8/(-4))/((-8)/(-12)). Let i(g) = g**2 + 4*g + 3. Let y be i(h). Determine p(y).
-1
Let g(j) = j - 25. Suppose 0 = u - 11 - 6. Let q be g(u). Let z(o) = o**3 + 9*o**2 + 8*o - 2. Calculate z(q).
-2
Let k(u) = -3*u**2 - 3*u + 1. Let d(q) = 4*q**2 + 3*q - 2. Let o(s) = 4*d(s) + 5*k(s). Give o(3).
-3
Let z(h) = 4677*h - 1556*h + 1 - 1563*h - 1560*h. What is z(1)?
-1
Let t(i) = 2*i - 5 + 4*i**2 + 3 + 3. Let r(g) = -g - 1. Let l(n) = 31. Let c(w) = -l(w) - 5*r(w). Let h be c(5). Determine t(h).
3
Let d(n) be the second derivative of n**3/2 + 11*n**2/2 + 18*n. Let f(g) = -21*g - 78. Let m(x) = -15*d(x) - 2*f(x). Calculate m(-6).
9
Let h be (-16)/3*(-3)/(-2). Let i = 5 + -1. Let c = h + i. Let q(v) = v**3 + 3*v**2 - 4*v - 2. Give q(c).
-2
Let v(o) = -3*o**2 + 12*o - 5. Let c(b) = -b**2 - 9*b - 4. Let m be c(-8). Let z(w) = 2*w**2 - 11*w + 4. Let u(k) = m*z(k) + 3*v(k). What is u(-9)?
-8
Suppose 14*j + 57 + 13 = 0. Let m(s) be the second derivative of s**5/20 + s**4/2 + s**3 - s. What is m(j)?
-5
Let u(m) = -8*m + 0*m**2 - m**2 + 2*m**2 + 2*m + 1. Suppose 6*v = 5*s + 3*v - 5, -2